{"id":1863,"date":"2020-08-05T14:51:37","date_gmt":"2020-08-05T14:51:37","guid":{"rendered":"https:\/\/smatra-apac.com\/index.php\/hong-kong\/"},"modified":"2025-02-03T05:03:28","modified_gmt":"2025-02-03T05:03:28","slug":"hong-kong","status":"publish","type":"page","link":"https:\/\/smatra-apac.com\/index.php\/hong-kong\/?lang=de","title":{"rendered":"Hong Kong"},"content":{"rendered":"<div class=\"wpb-content-wrapper\"><p>[vc_row nav_skin=&#8221;light&#8221; consent_include=&#8221;include&#8221;][vc_column width=&#8221;1\/2&#8243; css_animation=&#8221;&#8221;][vc_empty_space height=&#8221;80px&#8221;][vc_text_element typography=&#8221;{&#8220;font_family&#8220;:&#8220;1596475616913142&#8220;,&#8220;variants&#8220;:&#8220;500&#8220;,&#8220;subsets&#8220;:&#8220;devanagari&#8220;,&#8220;font_size&#8220;:&#8220;13px&#8220;}&#8221; css_animation=&#8221;&#8221;]<\/p>\n<p style=\"text-align: left;\"><span style=\"color: #1974d2;\">DIE PERFEKTE VERBINDUNG VON HANDEL &amp; BERATUNG<\/span><\/p>\n<p>[\/vc_text_element][vc_empty_space height=&#8221;10px&#8221;][vc_heading heading_text=&#8221;Strategische Handelsdienstleistungen und Beratung f\u00fcr Greater Bay Area &amp; S\u00fcdostasien&#8221; heading_wrapper=&#8221;h3&#8243; heading_color=&#8221;{&#8220;solid&#8220;:{&#8220;id&#8220;:&#8220;custom_color&#8220;,&#8220;color&#8220;:&#8220;rgba(0,32,96,1)&#8220;}}&#8221; heading_typography=&#8221;{&#8220;font_family&#8220;:&#8220;1596475607973655&#8220;,&#8220;variants&#8220;:&#8220;400&#8220;,&#8220;subsets&#8220;:&#8220;latin-ext&#8220;,&#8220;font_size&#8220;:&#8220;35px&#8220;,&#8220;line_height&#8220;:&#8220;1.2em&#8220;,&#8220;letter_spacing&#8220;:&#8220;-0.03em&#8220;}&#8221; css_animation=&#8221;&#8221;][vc_column_text css=&#8221;&#8221;]Die SMATRA Group begann ihr Gesch\u00e4ft in Hongkong, einem pulsierenden Gesch\u00e4ftszentrum, das chinesische und internationale Kultur vereint. Nach dem Wiederaufbau von Marken f\u00fcr deutsche und chinesische Unternehmen, der globalen Expansion und der Entwicklung preisgekr\u00f6nter Produktlinien haben die Gr\u00fcnder ihr gesamtes Know-how in die SMATRA Group eingebracht.<\/p>\n<p>Mit ausgewiesener internationaler und kultureller Kompetenz beraten wir Marktf\u00fchrer im Asien-Pazifik-Gesch\u00e4ft, entwickeln preisgekr\u00f6nte Produktlinien und bauen internationale Kooperationen in Europa und im asiatisch-pazifischen Raum auf.<\/p>\n<p>Hongkong bleibt ein wichtiges internationales Gesch\u00e4ftszentrum. Die SMATRA Group konzentriert sich von hier aus auf die Greater Bay Area und S\u00fcdostasien. Mit regelm\u00e4\u00dfigen Kooperationen in Vietnam und Malaysia bieten wir eine ideale Br\u00fccke in diese wirtschaftlich starken Regionen.[\/vc_column_text][vc_empty_space height=&#8221;40px&#8221;][\/vc_column][vc_column width=&#8221;1\/2&#8243; css_animation=&#8221;&#8221;][vc_empty_space height=&#8221;40px&#8221;][vc_single_image image=&#8221;1846&#8243; img_size=&#8221;large&#8221; css=&#8221;.vc_custom_1602568213404{padding-top: 50px !important;}&#8221;][\/vc_column][\/vc_row][vc_row custom_bg_type=&#8221;image&#8221; custom_bg_cover=&#8221;cover&#8221; custom_bg_repeat=&#8221;no-repeat&#8221; custom_bg_position=&#8221;Center center&#8221; nav_skin=&#8221;light&#8221; consent_include=&#8221;include&#8221; custom_bg_image=&#8221;710&#8243;][vc_column css_animation=&#8221;&#8221;][vc_empty_space height=&#8221;20px&#8221;][vc_text_element typography=&#8221;{&#8220;font_family&#8220;:&#8220;1596475616913142&#8220;,&#8220;variants&#8220;:&#8220;500&#8220;,&#8220;subsets&#8220;:&#8220;devanagari&#8220;,&#8220;font_size&#8220;:&#8220;13px&#8220;}&#8221; css_animation=&#8221;&#8221;]<\/p>\n<p style=\"text-align: left;\"><span style=\"color: #ffffff;\"> EXPERTISE &amp; ERFAHRUNG<\/span><\/p>\n<p>[\/vc_text_element][vc_heading heading_text=&#8221;Ihr Partner f\u00fcr<br \/>\nWachstum in S\u00fcdostasien &amp;<br \/>\nder Greater Bay Area&#8221; heading_wrapper=&#8221;h3&#8243; heading_color=&#8221;{&#8220;solid&#8220;:{&#8220;id&#8220;:&#8220;custom_color&#8220;,&#8220;color&#8220;:&#8220;rgba(255,255,255,1)&#8220;}}&#8221; heading_typography=&#8221;{&#8220;font_family&#8220;:&#8220;1596475607973655&#8220;,&#8220;variants&#8220;:&#8220;400&#8220;,&#8220;subsets&#8220;:&#8220;latin-ext&#8220;,&#8220;font_size&#8220;:&#8220;35px&#8220;,&#8220;line_height&#8220;:&#8220;1.2em&#8220;,&#8220;letter_spacing&#8220;:&#8220;-0.03em&#8220;}&#8221; css_animation=&#8221;&#8221;][vc_empty_space height=&#8221;20px&#8221;][\/vc_column][\/vc_row][vc_row nav_skin=&#8221;light&#8221; consent_include=&#8221;include&#8221;][vc_column css_animation=&#8221;&#8221;][vc_empty_space height=&#8221;40px&#8221;][\/vc_column][\/vc_row][vc_row nav_skin=&#8221;light&#8221; consent_include=&#8221;include&#8221;][vc_column width=&#8221;1\/3&#8243; css_animation=&#8221;&#8221;][vc_single_image image=&#8221;2032&#8243;][vc_empty_space height=&#8221;20px&#8221;][vc_heading heading_text=&#8221;Markteintrittsstrategie&#8221; heading_wrapper=&#8221;h1&#8243; heading_color=&#8221;{&#8220;solid&#8220;:{&#8220;id&#8220;:&#8220;custom_color&#8220;,&#8220;color&#8220;:&#8220;rgba(0,32,96,1)&#8220;}}&#8221; heading_typography=&#8221;{&#8220;font_family&#8220;:&#8220;1596475616913142&#8220;,&#8220;variants&#8220;:&#8220;500&#8220;,&#8220;subsets&#8220;:&#8220;latin-ext&#8220;,&#8220;font_size&#8220;:&#8220;16px&#8220;}&#8221; css_animation=&#8221;&#8221;][vc_text_element css_animation=&#8221;&#8221; color=&#8221;{&#8220;id&#8220;:&#8220;Overlay color&#8220;,&#8220;color&#8220;:&#8220;rgba(25, 32, 50, 0.7)&#8220;}&#8221;]<\/p>\n<p style=\"text-align: left;\">Die Markteintrittsstrategie ist die erste Phase von Unternehmensdienstleistungen, aber es geht nicht nur um Hongkong, unser Fokus liegt auf der Region Asien-Pazifik und wir haben das Netzwerk daf\u00fcr. Abh\u00e4ngig von der Komplexit\u00e4t Ihres Unternehmens geht es haupts\u00e4chlich um Marktforschung, rechtliche Due Diligence und m\u00f6gliche Produktauswahl. Dieser Go-To-Market-Plan ist f\u00fcr jeden neuen Markteintritt unerl\u00e4sslich und wird von Gesch\u00e4fts- und Rechtsexperten in Hongkong und Zielm\u00e4rkten analysiert.<\/p>\n<p>[\/vc_text_element][\/vc_column][vc_column width=&#8221;1\/3&#8243; css_animation=&#8221;&#8221;][vc_single_image image=&#8221;2034&#8243;][vc_empty_space height=&#8221;20px&#8221;][vc_heading heading_text=&#8221;Gesch\u00e4ftsentwicklung&#8221; heading_wrapper=&#8221;h1&#8243; heading_color=&#8221;{&#8220;solid&#8220;:{&#8220;id&#8220;:&#8220;custom_color&#8220;,&#8220;color&#8220;:&#8220;rgba(0,32,96,1)&#8220;}}&#8221; heading_typography=&#8221;{&#8220;font_family&#8220;:&#8220;1596475616913142&#8220;,&#8220;variants&#8220;:&#8220;500&#8220;,&#8220;subsets&#8220;:&#8220;latin-ext&#8220;,&#8220;font_size&#8220;:&#8220;16px&#8220;}&#8221; css_animation=&#8221;&#8221;][vc_text_element css_animation=&#8221;&#8221; color=&#8221;{&#8220;id&#8220;:&#8220;Overlay color&#8220;,&#8220;color&#8220;:&#8220;rgba(25, 32, 50, 0.7)&#8220;}&#8221;]<\/p>\n<p style=\"text-align: left;\">Sobald die Markteintrittsstrategie vereinbart ist, beginnen die Business Development Services. Eine physische und lokale Vertretung Ihres Unternehmens ist in dieser Phase unerl\u00e4sslich. Pipeline-Wachstum und der Aufbau markengerechter Vertriebskan\u00e4le sind f\u00fcr diese Phase von entscheidender Bedeutung. Die Expertise des Markenwachstums wird bereits seit mehr als einem Jahrzehnt f\u00fcr marktf\u00fchrende Marken unter Beweis gestellt.<\/p>\n<p>[\/vc_text_element][\/vc_column][vc_column width=&#8221;1\/3&#8243; css_animation=&#8221;&#8221;][vc_single_image image=&#8221;2036&#8243;][vc_empty_space height=&#8221;20px&#8221;][vc_heading heading_text=&#8221;Business-Matching&#8221; heading_wrapper=&#8221;h1&#8243; heading_color=&#8221;{&#8220;solid&#8220;:{&#8220;id&#8220;:&#8220;custom_color&#8220;,&#8220;color&#8220;:&#8220;rgba(0,32,96,1)&#8220;}}&#8221; heading_typography=&#8221;{&#8220;font_family&#8220;:&#8220;1596475616913142&#8220;,&#8220;variants&#8220;:&#8220;500&#8220;,&#8220;subsets&#8220;:&#8220;latin-ext&#8220;,&#8220;font_size&#8220;:&#8220;16px&#8220;}&#8221; css_animation=&#8221;&#8221;][vc_text_element css_animation=&#8221;&#8221; color=&#8221;{&#8220;id&#8220;:&#8220;Overlay color&#8220;,&#8220;color&#8220;:&#8220;rgba(25, 32, 50, 0.7)&#8220;}&#8221;]Zus\u00e4tzlich zu den Business Development Services bietet die SMATRA Group Business Matching Services in Hongkong an, bei denen wir unser umfangreiches Gesch\u00e4ftsnetzwerk in den verschiedenen Branchen nutzen, um die Markenbekanntheit der Kunden zu steigern und ihr Gesch\u00e4ftswachstum zu unterst\u00fctzen. Wir haben sowohl mit diplomatischen Kan\u00e4len als auch mit Top-Gesch\u00e4ftsf\u00fchrern des Hongkonger Marktes zusammengearbeitet.[\/vc_text_element][\/vc_column][\/vc_row][vc_row nav_skin=&#8221;light&#8221; consent_include=&#8221;include&#8221; el_design=&#8221;{&#8220;desktop&#8220;:{&#8220;margin-top&#8220;:&#8220;-20&#8220;,&#8220;shift-vertical&#8220;:-20}}&#8221;][vc_column css_animation=&#8221;&#8221;][vc_text_element css_animation=&#8221;&#8221; color=&#8221;{&#8220;id&#8220;:&#8220;Overlay color&#8220;,&#8220;color&#8220;:&#8220;rgba(25, 32, 50, 0.7)&#8220;}&#8221;]<\/p>\n<div class=\"wpb_text_column wpb_content_element \">\n<div class=\"wpb_wrapper\">\n<p>Kontaktieren Sie uns f\u00fcr Ihre Gesch\u00e4ftsanfragen f\u00fcr den Hongkonger Markt. Marktexperten mit Sitz in Hongkong werden sich innerhalb von 24 Stunden mit Ihnen in Verbindung setzen. Wir freuen uns darauf, Ihre Fragen zu beantworten und Ihre Gesch\u00e4ftsexpansion auf dem Hongkonger Markt zu unterst\u00fctzen.<\/p><\/div>\n<\/div>\n<p>[\/vc_text_element][vc_empty_space height=&#8221;15px&#8221;][vc_button_glowing title=&#8221;online meeting&#8221; text_typography=&#8221;{&#8220;font_family&#8220;:&#8220;195330883&#8220;,&#8220;backup_family&#8220;:&#8220;Arial, Helvetica, sans-serif&#8220;,&#8220;variants&#8220;:&#8220;500&#8220;,&#8220;subsets&#8220;:&#8220;devanagari&#8220;,&#8220;font_size&#8220;:&#8220;14px&#8220;}&#8221; size=&#8221;5&#8243; display=&#8221;display_block&#8221; button_align=&#8221;btn_align_left&#8221; css_animation=&#8221;&#8221; link=&#8221;url:https%3A%2F%2Foutlook.office365.com%2Fbook%2FSMATRAGroup%40smatra-apac.com%2F|target:_blank&#8221; text_color=&#8221;{&#8220;id&#8220;:&#8220;Light background&#8220;,&#8220;color&#8220;:&#8220;#f7f8fd&#8220;}&#8221; bg_color=&#8221;{&#8220;solid&#8220;:{&#8220;id&#8220;:&#8220;Main accent color&#8220;,&#8220;color&#8220;:&#8220;#274282&#8220;}}&#8221; border_radius=&#8221;{&#8220;top-left&#8220;:40,&#8220;top-right&#8220;:40,&#8220;bottom-right&#8220;:40,&#8220;bottom-left&#8220;:40,&#8220;property&#8220;:&#8220;border&#8220;,&#8220;suffix&#8220;:&#8220;radius&#8220;}&#8221; text_color_h=&#8221;{&#8220;id&#8220;:&#8220;Light background&#8220;,&#8220;color&#8220;:&#8220;#f7f8fd&#8220;}&#8221; bg_color_h=&#8221;{&#8220;solid&#8220;:{&#8220;id&#8220;:&#8220;Main accent color&#8220;,&#8220;color&#8220;:&#8220;#274282&#8220;}}&#8221; icon=&#8221;{&#8220;font&#8220;:&#8220;scape-business&#8220;,&#8220;icon&#8220;:&#8220;scape-business-Networking-2&#8220;}&#8221;][\/vc_column][\/vc_row][vc_row nav_skin=&#8221;light&#8221; consent_include=&#8221;include&#8221;][vc_column css_animation=&#8221;&#8221;][vc_empty_space height=&#8221;15px&#8221;][\/vc_column][\/vc_row]<\/p>\n<\/div>","protected":false},"excerpt":{"rendered":"<p>[vc_row nav_skin=&#8221;light&#8221; consent_include=&#8221;include&#8221;][vc_column width=&#8221;1\/2&#8243; css_animation=&#8221;&#8221;][vc_empty_space height=&#8221;80px&#8221;][vc_text_element typography=&#8221;{&#8220;font_family&#8220;:&#8220;1596475616913142&#8220;,&#8220;variants&#8220;:&#8220;500&#8220;,&#8220;subsets&#8220;:&#8220;devanagari&#8220;,&#8220;font_size&#8220;:&#8220;13px&#8220;}&#8221; css_animation=&#8221;&#8221;] DIE PERFEKTE VERBINDUNG VON HANDEL &amp; BERATUNG [\/vc_text_element][vc_empty_space height=&#8221;10px&#8221;][vc_heading heading_text=&#8221;Strategische Handelsdienstleistungen und Beratung f\u00fcr Greater Bay Area &amp; S\u00fcdostasien&#8221; heading_wrapper=&#8221;h3&#8243; heading_color=&#8221;{&#8220;solid&#8220;:{&#8220;id&#8220;:&#8220;custom_color&#8220;,&#8220;color&#8220;:&#8220;rgba(0,32,96,1)&#8220;}}&#8221; heading_typography=&#8221;{&#8220;font_family&#8220;:&#8220;1596475607973655&#8220;,&#8220;variants&#8220;:&#8220;400&#8220;,&#8220;subsets&#8220;:&#8220;latin-ext&#8220;,&#8220;font_size&#8220;:&#8220;35px&#8220;,&#8220;line_height&#8220;:&#8220;1.2em&#8220;,&#8220;letter_spacing&#8220;:&#8220;-0.03em&#8220;}&#8221; css_animation=&#8221;&#8221;][vc_column_text css=&#8221;&#8221;]Die SMATRA Group begann ihr Gesch\u00e4ft in Hongkong, einem pulsierenden Gesch\u00e4ftszentrum, das chinesische und internationale Kultur vereint. Nach dem Wiederaufbau von Marken f\u00fcr deutsche und chinesische Unternehmen, der globalen Expansion und der Entwicklung preisgekr\u00f6nter Produktlinien haben die Gr\u00fcnder ihr gesamtes Know-how in die SMATRA&hellip; <a class=\"continue\" href=\"https:\/\/smatra-apac.com\/index.php\/hong-kong\/?lang=de\">Continue Reading<span> Hong Kong<\/span><\/a><\/p>\n","protected":false},"author":2,"featured_media":1865,"parent":0,"menu_order":0,"comment_status":"closed","ping_status":"closed","template":"","meta":{"inline_featured_image":false,"footnotes":""},"class_list":["post-1863","page","type-page","status-publish","has-post-thumbnail","hentry"],"yoast_head":"<!-- This site is optimized with the Yoast SEO plugin v27.3 - https:\/\/yoast.com\/product\/yoast-seo-wordpress\/ -->\n<title>Hong Kong - SMATRA APAC Group<\/title>\n<meta name=\"robots\" content=\"index, follow, max-snippet:-1, max-image-preview:large, max-video-preview:-1\" \/>\n<link rel=\"canonical\" href=\"https:\/\/smatra-apac.com\/index.php\/hong-kong\/\" \/>\n<meta property=\"og:locale\" content=\"en_US\" \/>\n<meta property=\"og:type\" content=\"article\" \/>\n<meta property=\"og:title\" content=\"Hong Kong - SMATRA APAC Group\" \/>\n<meta property=\"og:description\" content=\"[vc_row nav_skin=&#8221;light&#8221; consent_include=&#8221;include&#8221;][vc_column width=&#8221;1\/2&#8243; css_animation=&#8221;&#8221;][vc_empty_space height=&#8221;80px&#8221;][vc_text_element typography=&#8221;{&#8220;font_family&#8220;:&#8220;1596475616913142&#8220;,&#8220;variants&#8220;:&#8220;500&#8220;,&#8220;subsets&#8220;:&#8220;devanagari&#8220;,&#8220;font_size&#8220;:&#8220;13px&#8220;}&#8221; css_animation=&#8221;&#8221;] DIE PERFEKTE VERBINDUNG VON HANDEL &amp; BERATUNG [\/vc_text_element][vc_empty_space height=&#8221;10px&#8221;][vc_heading heading_text=&#8221;Strategische Handelsdienstleistungen und Beratung f\u00fcr Greater Bay Area &amp; S\u00fcdostasien&#8221; heading_wrapper=&#8221;h3&#8243; heading_color=&#8221;{&#8220;solid&#8220;:{&#8220;id&#8220;:&#8220;custom_color&#8220;,&#8220;color&#8220;:&#8220;rgba(0,32,96,1)&#8220;}}&#8221; heading_typography=&#8221;{&#8220;font_family&#8220;:&#8220;1596475607973655&#8220;,&#8220;variants&#8220;:&#8220;400&#8220;,&#8220;subsets&#8220;:&#8220;latin-ext&#8220;,&#8220;font_size&#8220;:&#8220;35px&#8220;,&#8220;line_height&#8220;:&#8220;1.2em&#8220;,&#8220;letter_spacing&#8220;:&#8220;-0.03em&#8220;}&#8221; css_animation=&#8221;&#8221;][vc_column_text css=&#8221;&#8221;]Die SMATRA Group begann ihr Gesch\u00e4ft in Hongkong, einem pulsierenden Gesch\u00e4ftszentrum, das chinesische und internationale Kultur vereint. Nach dem Wiederaufbau von Marken f\u00fcr deutsche und chinesische Unternehmen, der globalen Expansion und der Entwicklung preisgekr\u00f6nter Produktlinien haben die Gr\u00fcnder ihr gesamtes Know-how in die SMATRA&hellip; Continue Reading Hong Kong\" \/>\n<meta property=\"og:url\" content=\"https:\/\/smatra-apac.com\/index.php\/hong-kong\/?lang=de\" \/>\n<meta property=\"og:site_name\" content=\"SMATRA APAC Group\" \/>\n<meta property=\"article:modified_time\" content=\"2025-02-03T05:03:28+00:00\" \/>\n<meta property=\"og:image\" content=\"https:\/\/smatra-apac.com\/wp-content\/uploads\/2020\/09\/Hong-Kong-Perfect.jpg\" \/>\n\t<meta property=\"og:image:width\" content=\"2119\" \/>\n\t<meta property=\"og:image:height\" content=\"1415\" \/>\n\t<meta property=\"og:image:type\" content=\"image\/jpeg\" \/>\n<meta name=\"twitter:card\" content=\"summary_large_image\" \/>\n<meta name=\"twitter:site\" content=\"@SMATRA_APAC\" \/>\n<meta name=\"twitter:label1\" content=\"Est. reading time\" \/>\n\t<meta name=\"twitter:data1\" content=\"3 minutes\" \/>\n<script type=\"application\/ld+json\" class=\"yoast-schema-graph\">{\"@context\":\"https:\\\/\\\/schema.org\",\"@graph\":[{\"@type\":\"WebPage\",\"@id\":\"https:\\\/\\\/smatra-apac.com\\\/index.php\\\/hong-kong\\\/?lang=de\",\"url\":\"https:\\\/\\\/smatra-apac.com\\\/index.php\\\/hong-kong\\\/?lang=de\",\"name\":\"Hong Kong - SMATRA APAC Group\",\"isPartOf\":{\"@id\":\"https:\\\/\\\/smatra-apac.com\\\/#website\"},\"primaryImageOfPage\":{\"@id\":\"https:\\\/\\\/smatra-apac.com\\\/index.php\\\/hong-kong\\\/?lang=de#primaryimage\"},\"image\":{\"@id\":\"https:\\\/\\\/smatra-apac.com\\\/index.php\\\/hong-kong\\\/?lang=de#primaryimage\"},\"thumbnailUrl\":\"https:\\\/\\\/smatra-apac.com\\\/wp-content\\\/uploads\\\/2020\\\/09\\\/Hong-Kong-Perfect.jpg\",\"datePublished\":\"2020-08-05T14:51:37+00:00\",\"dateModified\":\"2025-02-03T05:03:28+00:00\",\"breadcrumb\":{\"@id\":\"https:\\\/\\\/smatra-apac.com\\\/index.php\\\/hong-kong\\\/?lang=de#breadcrumb\"},\"inLanguage\":\"en-US\",\"potentialAction\":[{\"@type\":\"ReadAction\",\"target\":[\"https:\\\/\\\/smatra-apac.com\\\/index.php\\\/hong-kong\\\/?lang=de\"]}]},{\"@type\":\"ImageObject\",\"inLanguage\":\"en-US\",\"@id\":\"https:\\\/\\\/smatra-apac.com\\\/index.php\\\/hong-kong\\\/?lang=de#primaryimage\",\"url\":\"https:\\\/\\\/smatra-apac.com\\\/wp-content\\\/uploads\\\/2020\\\/09\\\/Hong-Kong-Perfect.jpg\",\"contentUrl\":\"https:\\\/\\\/smatra-apac.com\\\/wp-content\\\/uploads\\\/2020\\\/09\\\/Hong-Kong-Perfect.jpg\",\"width\":2119,\"height\":1415},{\"@type\":\"BreadcrumbList\",\"@id\":\"https:\\\/\\\/smatra-apac.com\\\/index.php\\\/hong-kong\\\/?lang=de#breadcrumb\",\"itemListElement\":[{\"@type\":\"ListItem\",\"position\":1,\"name\":\"Home\",\"item\":\"https:\\\/\\\/smatra-apac.com\\\/\"},{\"@type\":\"ListItem\",\"position\":2,\"name\":\"Hong Kong\"}]},{\"@type\":\"WebSite\",\"@id\":\"https:\\\/\\\/smatra-apac.com\\\/#website\",\"url\":\"https:\\\/\\\/smatra-apac.com\\\/\",\"name\":\"SMATRA APAC Group\",\"description\":\"Your Strategic Link to Asia-Pacific\",\"publisher\":{\"@id\":\"https:\\\/\\\/smatra-apac.com\\\/#organization\"},\"potentialAction\":[{\"@type\":\"SearchAction\",\"target\":{\"@type\":\"EntryPoint\",\"urlTemplate\":\"https:\\\/\\\/smatra-apac.com\\\/?s={search_term_string}\"},\"query-input\":{\"@type\":\"PropertyValueSpecification\",\"valueRequired\":true,\"valueName\":\"search_term_string\"}}],\"inLanguage\":\"en-US\"},{\"@type\":\"Organization\",\"@id\":\"https:\\\/\\\/smatra-apac.com\\\/#organization\",\"name\":\"SMATRA APAC Group\",\"url\":\"https:\\\/\\\/smatra-apac.com\\\/\",\"logo\":{\"@type\":\"ImageObject\",\"inLanguage\":\"en-US\",\"@id\":\"https:\\\/\\\/smatra-apac.com\\\/#\\\/schema\\\/logo\\\/image\\\/\",\"url\":\"https:\\\/\\\/smatra-apac.com\\\/wp-content\\\/uploads\\\/2018\\\/03\\\/logo_footer_small_120.png\",\"contentUrl\":\"https:\\\/\\\/smatra-apac.com\\\/wp-content\\\/uploads\\\/2018\\\/03\\\/logo_footer_small_120.png\",\"width\":211,\"height\":188,\"caption\":\"SMATRA APAC Group\"},\"image\":{\"@id\":\"https:\\\/\\\/smatra-apac.com\\\/#\\\/schema\\\/logo\\\/image\\\/\"},\"sameAs\":[\"https:\\\/\\\/x.com\\\/SMATRA_APAC\"]}]}<\/script>\n<!-- \/ Yoast SEO plugin. -->","yoast_head_json":{"title":"Hong Kong - SMATRA APAC Group","robots":{"index":"index","follow":"follow","max-snippet":"max-snippet:-1","max-image-preview":"max-image-preview:large","max-video-preview":"max-video-preview:-1"},"canonical":"https:\/\/smatra-apac.com\/index.php\/hong-kong\/","og_locale":"en_US","og_type":"article","og_title":"Hong Kong - SMATRA APAC Group","og_description":"[vc_row nav_skin=&#8221;light&#8221; consent_include=&#8221;include&#8221;][vc_column width=&#8221;1\/2&#8243; css_animation=&#8221;&#8221;][vc_empty_space height=&#8221;80px&#8221;][vc_text_element typography=&#8221;{&#8220;font_family&#8220;:&#8220;1596475616913142&#8220;,&#8220;variants&#8220;:&#8220;500&#8220;,&#8220;subsets&#8220;:&#8220;devanagari&#8220;,&#8220;font_size&#8220;:&#8220;13px&#8220;}&#8221; css_animation=&#8221;&#8221;] DIE PERFEKTE VERBINDUNG VON HANDEL &amp; BERATUNG [\/vc_text_element][vc_empty_space height=&#8221;10px&#8221;][vc_heading heading_text=&#8221;Strategische Handelsdienstleistungen und Beratung f\u00fcr Greater Bay Area &amp; S\u00fcdostasien&#8221; heading_wrapper=&#8221;h3&#8243; heading_color=&#8221;{&#8220;solid&#8220;:{&#8220;id&#8220;:&#8220;custom_color&#8220;,&#8220;color&#8220;:&#8220;rgba(0,32,96,1)&#8220;}}&#8221; heading_typography=&#8221;{&#8220;font_family&#8220;:&#8220;1596475607973655&#8220;,&#8220;variants&#8220;:&#8220;400&#8220;,&#8220;subsets&#8220;:&#8220;latin-ext&#8220;,&#8220;font_size&#8220;:&#8220;35px&#8220;,&#8220;line_height&#8220;:&#8220;1.2em&#8220;,&#8220;letter_spacing&#8220;:&#8220;-0.03em&#8220;}&#8221; css_animation=&#8221;&#8221;][vc_column_text css=&#8221;&#8221;]Die SMATRA Group begann ihr Gesch\u00e4ft in Hongkong, einem pulsierenden Gesch\u00e4ftszentrum, das chinesische und internationale Kultur vereint. Nach dem Wiederaufbau von Marken f\u00fcr deutsche und chinesische Unternehmen, der globalen Expansion und der Entwicklung preisgekr\u00f6nter Produktlinien haben die Gr\u00fcnder ihr gesamtes Know-how in die SMATRA&hellip; Continue Reading Hong Kong","og_url":"https:\/\/smatra-apac.com\/index.php\/hong-kong\/?lang=de","og_site_name":"SMATRA APAC Group","article_modified_time":"2025-02-03T05:03:28+00:00","og_image":[{"width":2119,"height":1415,"url":"https:\/\/smatra-apac.com\/wp-content\/uploads\/2020\/09\/Hong-Kong-Perfect.jpg","type":"image\/jpeg"}],"twitter_card":"summary_large_image","twitter_site":"@SMATRA_APAC","twitter_misc":{"Est. reading time":"3 minutes"},"schema":{"@context":"https:\/\/schema.org","@graph":[{"@type":"WebPage","@id":"https:\/\/smatra-apac.com\/index.php\/hong-kong\/?lang=de","url":"https:\/\/smatra-apac.com\/index.php\/hong-kong\/?lang=de","name":"Hong Kong - SMATRA APAC Group","isPartOf":{"@id":"https:\/\/smatra-apac.com\/#website"},"primaryImageOfPage":{"@id":"https:\/\/smatra-apac.com\/index.php\/hong-kong\/?lang=de#primaryimage"},"image":{"@id":"https:\/\/smatra-apac.com\/index.php\/hong-kong\/?lang=de#primaryimage"},"thumbnailUrl":"https:\/\/smatra-apac.com\/wp-content\/uploads\/2020\/09\/Hong-Kong-Perfect.jpg","datePublished":"2020-08-05T14:51:37+00:00","dateModified":"2025-02-03T05:03:28+00:00","breadcrumb":{"@id":"https:\/\/smatra-apac.com\/index.php\/hong-kong\/?lang=de#breadcrumb"},"inLanguage":"en-US","potentialAction":[{"@type":"ReadAction","target":["https:\/\/smatra-apac.com\/index.php\/hong-kong\/?lang=de"]}]},{"@type":"ImageObject","inLanguage":"en-US","@id":"https:\/\/smatra-apac.com\/index.php\/hong-kong\/?lang=de#primaryimage","url":"https:\/\/smatra-apac.com\/wp-content\/uploads\/2020\/09\/Hong-Kong-Perfect.jpg","contentUrl":"https:\/\/smatra-apac.com\/wp-content\/uploads\/2020\/09\/Hong-Kong-Perfect.jpg","width":2119,"height":1415},{"@type":"BreadcrumbList","@id":"https:\/\/smatra-apac.com\/index.php\/hong-kong\/?lang=de#breadcrumb","itemListElement":[{"@type":"ListItem","position":1,"name":"Home","item":"https:\/\/smatra-apac.com\/"},{"@type":"ListItem","position":2,"name":"Hong Kong"}]},{"@type":"WebSite","@id":"https:\/\/smatra-apac.com\/#website","url":"https:\/\/smatra-apac.com\/","name":"SMATRA APAC Group","description":"Your Strategic Link to Asia-Pacific","publisher":{"@id":"https:\/\/smatra-apac.com\/#organization"},"potentialAction":[{"@type":"SearchAction","target":{"@type":"EntryPoint","urlTemplate":"https:\/\/smatra-apac.com\/?s={search_term_string}"},"query-input":{"@type":"PropertyValueSpecification","valueRequired":true,"valueName":"search_term_string"}}],"inLanguage":"en-US"},{"@type":"Organization","@id":"https:\/\/smatra-apac.com\/#organization","name":"SMATRA APAC Group","url":"https:\/\/smatra-apac.com\/","logo":{"@type":"ImageObject","inLanguage":"en-US","@id":"https:\/\/smatra-apac.com\/#\/schema\/logo\/image\/","url":"https:\/\/smatra-apac.com\/wp-content\/uploads\/2018\/03\/logo_footer_small_120.png","contentUrl":"https:\/\/smatra-apac.com\/wp-content\/uploads\/2018\/03\/logo_footer_small_120.png","width":211,"height":188,"caption":"SMATRA APAC Group"},"image":{"@id":"https:\/\/smatra-apac.com\/#\/schema\/logo\/image\/"},"sameAs":["https:\/\/x.com\/SMATRA_APAC"]}]}},"jetpack_sharing_enabled":true,"_links":{"self":[{"href":"https:\/\/smatra-apac.com\/index.php\/wp-json\/wp\/v2\/pages\/1863","targetHints":{"allow":["GET"]}}],"collection":[{"href":"https:\/\/smatra-apac.com\/index.php\/wp-json\/wp\/v2\/pages"}],"about":[{"href":"https:\/\/smatra-apac.com\/index.php\/wp-json\/wp\/v2\/types\/page"}],"author":[{"embeddable":true,"href":"https:\/\/smatra-apac.com\/index.php\/wp-json\/wp\/v2\/users\/2"}],"replies":[{"embeddable":true,"href":"https:\/\/smatra-apac.com\/index.php\/wp-json\/wp\/v2\/comments?post=1863"}],"version-history":[{"count":13,"href":"https:\/\/smatra-apac.com\/index.php\/wp-json\/wp\/v2\/pages\/1863\/revisions"}],"predecessor-version":[{"id":2691,"href":"https:\/\/smatra-apac.com\/index.php\/wp-json\/wp\/v2\/pages\/1863\/revisions\/2691"}],"wp:featuredmedia":[{"embeddable":true,"href":"https:\/\/smatra-apac.com\/index.php\/wp-json\/wp\/v2\/media\/1865"}],"wp:attachment":[{"href":"https:\/\/smatra-apac.com\/index.php\/wp-json\/wp\/v2\/media?parent=1863"}],"curies":[{"name":"wp","href":"https:\/\/api.w.org\/{rel}","templated":true}]}}