{"id":2002,"date":"2020-08-16T08:48:43","date_gmt":"2020-08-16T08:48:43","guid":{"rendered":"https:\/\/smatra-apac.com\/index.php\/business-matching\/"},"modified":"2023-05-29T02:51:12","modified_gmt":"2023-05-29T02:51:12","slug":"business-matching","status":"publish","type":"page","link":"https:\/\/smatra-apac.com\/index.php\/business-matching\/?lang=de","title":{"rendered":"Gesch\u00e4ftsvermittlung"},"content":{"rendered":"<div class=\"wpb-content-wrapper\"><p>[vc_row nav_skin=&#8221;light&#8221; consent_include=&#8221;include&#8221;][vc_column css_animation=&#8221;&#8221;][vc_empty_space height=&#8221;80px&#8221;][vc_text_element typography=&#8221;{&#8220;font_family&#8220;:&#8220;1596475616913142&#8220;,&#8220;variants&#8220;:&#8220;500&#8220;,&#8220;subsets&#8220;:&#8220;devanagari&#8220;,&#8220;font_size&#8220;:&#8220;13px&#8220;}&#8221; css_animation=&#8221;&#8221;]<\/p>\n<p style=\"text-align: left;\"><span style=\"color: #1974d2;\">NETZWERKEN MIT ASIEN-PAZIFIK-REGION<\/span><\/p>\n<p>[\/vc_text_element][vc_empty_space height=&#8221;10px&#8221;][vc_heading heading_text=&#8221;Erfolgreiche Vernetzung f\u00fcr<br \/>\ninternationale Unternehmen<br \/>\nin der APAC-Region&#8221; heading_wrapper=&#8221;h3&#8243; heading_color=&#8221;{&#8220;solid&#8220;:{&#8220;id&#8220;:&#8220;custom_color&#8220;,&#8220;color&#8220;:&#8220;rgba(0,32,96,1)&#8220;}}&#8221; heading_typography=&#8221;{&#8220;font_family&#8220;:&#8220;1596475607973655&#8220;,&#8220;variants&#8220;:&#8220;400&#8220;,&#8220;subsets&#8220;:&#8220;latin-ext&#8220;,&#8220;font_size&#8220;:&#8220;35px&#8220;,&#8220;line_height&#8220;:&#8220;1.2em&#8220;,&#8220;letter_spacing&#8220;:&#8220;-0.03em&#8220;}&#8221; css_animation=&#8221;&#8221;][vc_column_text]Der Business-Matching-Service der SMATRA Group ist ein umfassendes Instrument f\u00fcr Kunden, die potenzielle Gesch\u00e4ftspartner, Kunden, Lieferanten, Investoren und Anbieter suchen. Es geht darum, Gesch\u00e4ftsm\u00f6glichkeiten zu schaffen und Ihr Unternehmen zu optimieren.<\/p>\n<p>Aufbauen von Verbindungen zu:<\/p>\n<ul>\n<li>Kunden<\/li>\n<li>Lieferanten<\/li>\n<li>Distributoren<\/li>\n<li>Investoren<\/li>\n<\/ul>\n<p>Basierend auf einem Datenbanksystem identifizieren, analysieren und matchen wir Ihr Unternehmen mit einem geeigneten Gesch\u00e4ftspartner, der optimal strategisch passt und einen Wettbewerbsvorteil f\u00fcr Ihr Unternehmen schafft. Bitte kontaktieren Sie uns f\u00fcr eine detaillierte Beratung, damit wir Ihnen einige F\u00e4lle zum Business-Matching-Service der SMATRA-Gruppe und angeschlossener Unternehmen vorstellen k\u00f6nnen.[\/vc_column_text][vc_empty_space height=&#8221;40px&#8221;][\/vc_column][\/vc_row][vc_row custom_bg_type=&#8221;image&#8221; custom_bg_cover=&#8221;cover&#8221; custom_bg_repeat=&#8221;no-repeat&#8221; custom_bg_position=&#8221;Center center&#8221; nav_skin=&#8221;light&#8221; consent_include=&#8221;include&#8221; custom_bg_image=&#8221;710&#8243;][vc_column width=&#8221;1\/2&#8243; css_animation=&#8221;&#8221;][vc_empty_space height=&#8221;20px&#8221;][vc_text_element typography=&#8221;{&#8220;font_family&#8220;:&#8220;1596475616913142&#8220;,&#8220;variants&#8220;:&#8220;500&#8220;,&#8220;subsets&#8220;:&#8220;devanagari&#8220;,&#8220;font_size&#8220;:&#8220;13px&#8220;}&#8221; css_animation=&#8221;&#8221;]<\/p>\n<p style=\"text-align: left;\"><span style=\"color: #ffffff;\"> NETZWERK &amp; ERFAHRUNG<\/span><\/p>\n<p>[\/vc_text_element][vc_heading heading_text=&#8221;Matching Business Owners<br \/>\nwith APAC&#8217;s Market Leaders&#8221; heading_wrapper=&#8221;h3&#8243; heading_color=&#8221;{&#8220;solid&#8220;:{&#8220;id&#8220;:&#8220;custom_color&#8220;,&#8220;color&#8220;:&#8220;rgba(255,255,255,1)&#8220;}}&#8221; heading_typography=&#8221;{&#8220;font_family&#8220;:&#8220;1596475607973655&#8220;,&#8220;variants&#8220;:&#8220;400&#8220;,&#8220;subsets&#8220;:&#8220;latin-ext&#8220;,&#8220;font_size&#8220;:&#8220;35px&#8220;,&#8220;line_height&#8220;:&#8220;1.2em&#8220;,&#8220;letter_spacing&#8220;:&#8220;-0.03em&#8220;}&#8221; css_animation=&#8221;&#8221;][vc_text_element css_animation=&#8221;&#8221; color=&#8221;{&#8220;id&#8220;:&#8220;custom_color&#8220;,&#8220;color&#8220;:&#8220;rgba(255,255,255,1)&#8220;}&#8221;]Bei der SMATRA Group verf\u00fcgen wir \u00fcber eine lange Liste erfolgreicher Business-Matching-F\u00e4lle, um ausl\u00e4ndische Gesch\u00e4ftsinhaber mit dem richtigen Netzwerk in asiatisch-pazifischen M\u00e4rkten in verschiedenen Branchen zu verbinden.[\/vc_text_element][vc_empty_space][\/vc_column][vc_column width=&#8221;1\/2&#8243; css_animation=&#8221;&#8221;][vc_empty_space height=&#8221;20px&#8221;][vc_row_inner consent_include=&#8221;include&#8221;][vc_column_inner css_animation=&#8221;&#8221;][vc_tta_tour autoplay=&#8221;5&#8243; active_section=&#8221;1&#8243; css=&#8221;.vc_custom_1599190415539{background-color: #307d99 !important;}&#8221;][vc_tta_section title=&#8221;Kunden&#8221; tab_id=&#8221;1597564640811-588524e0-4e5d&#8221;][vc_text_element css_animation=&#8221;&#8221;]Aufbau neuer Kunden in verschiedenen Branchen f\u00fcr unsere Kunden in den M\u00e4rkten im asiatisch-pazifischen Raum. Das Netzwerk steht allen unseren Kunden zur Verf\u00fcgung und wir nehmen das Business Matching ernst, um sicherzustellen, dass wir mit Entscheidungstr\u00e4gern auf h\u00f6chster Ebene zusammenarbeiten.[\/vc_text_element][\/vc_tta_section][vc_tta_section title=&#8221;Lieferanten&#8221; tab_id=&#8221;1597564640856-1f8fe99d-7add&#8221;][vc_text_element css_animation=&#8221;&#8221;]Lieferanten sind genauso wichtig wie Kunden und bei der SMATRA Group w\u00e4hlen wir Lieferanten sorgf\u00e4ltig aus und verwalten Prozesse professionell, um sicherzustellen, dass eine erfolgreiche Zusammenarbeit aufgebaut werden kann.[\/vc_text_element][\/vc_tta_section][vc_tta_section title=&#8221;Distributoren&#8221; tab_id=&#8221;1597564648099-fbb24257-ded3&#8243;][vc_text_element css_animation=&#8221;&#8221;]Abh\u00e4ngig von der Branche oder den Produkten des Kundengesch\u00e4fts k\u00f6nnen Anbieter die richtige Wahl sein. Sie k\u00f6nnen hervorragende Gesch\u00e4ftsentwicklung und Dienstleistungen f\u00fcr Ihre Marke bereitstellen und relevante Beziehungen in ihrem Markt aufbauen.[\/vc_text_element][\/vc_tta_section][vc_tta_section title=&#8221;Investoren&#8221; tab_id=&#8221;1597564649225-5bda8597-5af4&#8243;][vc_text_element css_animation=&#8221;&#8221;]In vielen F\u00e4llen kann ein Unternehmen Investitionen anziehen, und bei der SMATRA Group haben wir Beziehungen zu potenziellen Investoren aufgebaut, die bei Bedarf zu Ihrem Gesch\u00e4ftsvorhaben im asiatisch-pazifischen Raum passen k\u00f6nnten.[\/vc_text_element][\/vc_tta_section][\/vc_tta_tour][\/vc_column_inner][\/vc_row_inner][\/vc_column][\/vc_row]<\/p>\n<\/div>","protected":false},"excerpt":{"rendered":"<p>[vc_row nav_skin=&#8221;light&#8221; consent_include=&#8221;include&#8221;][vc_column css_animation=&#8221;&#8221;][vc_empty_space height=&#8221;80px&#8221;][vc_text_element typography=&#8221;{&#8220;font_family&#8220;:&#8220;1596475616913142&#8220;,&#8220;variants&#8220;:&#8220;500&#8220;,&#8220;subsets&#8220;:&#8220;devanagari&#8220;,&#8220;font_size&#8220;:&#8220;13px&#8220;}&#8221; css_animation=&#8221;&#8221;] NETZWERKEN MIT ASIEN-PAZIFIK-REGION [\/vc_text_element][vc_empty_space height=&#8221;10px&#8221;][vc_heading heading_text=&#8221;Erfolgreiche Vernetzung f\u00fcr internationale Unternehmen in der APAC-Region&#8221; heading_wrapper=&#8221;h3&#8243; heading_color=&#8221;{&#8220;solid&#8220;:{&#8220;id&#8220;:&#8220;custom_color&#8220;,&#8220;color&#8220;:&#8220;rgba(0,32,96,1)&#8220;}}&#8221; heading_typography=&#8221;{&#8220;font_family&#8220;:&#8220;1596475607973655&#8220;,&#8220;variants&#8220;:&#8220;400&#8220;,&#8220;subsets&#8220;:&#8220;latin-ext&#8220;,&#8220;font_size&#8220;:&#8220;35px&#8220;,&#8220;line_height&#8220;:&#8220;1.2em&#8220;,&#8220;letter_spacing&#8220;:&#8220;-0.03em&#8220;}&#8221; css_animation=&#8221;&#8221;][vc_column_text]Der Business-Matching-Service der SMATRA Group ist ein umfassendes Instrument f\u00fcr Kunden, die potenzielle Gesch\u00e4ftspartner, Kunden, Lieferanten, Investoren und Anbieter suchen. Es geht darum, Gesch\u00e4ftsm\u00f6glichkeiten zu schaffen und Ihr Unternehmen zu optimieren. Aufbauen von Verbindungen zu: Kunden Lieferanten Distributoren Investoren Basierend auf einem Datenbanksystem identifizieren, analysieren und matchen wir Ihr Unternehmen mit einem&hellip; <a class=\"continue\" href=\"https:\/\/smatra-apac.com\/index.php\/business-matching\/?lang=de\">Continue Reading<span> Gesch\u00e4ftsvermittlung<\/span><\/a><\/p>\n","protected":false},"author":2,"featured_media":2003,"parent":0,"menu_order":0,"comment_status":"closed","ping_status":"closed","template":"","meta":{"inline_featured_image":false,"footnotes":""},"class_list":["post-2002","page","type-page","status-publish","has-post-thumbnail","hentry"],"yoast_head":"<!-- This site is optimized with the Yoast SEO plugin v27.3 - https:\/\/yoast.com\/product\/yoast-seo-wordpress\/ -->\n<title>Gesch\u00e4ftsvermittlung - SMATRA APAC Group<\/title>\n<meta name=\"robots\" content=\"index, follow, max-snippet:-1, max-image-preview:large, max-video-preview:-1\" \/>\n<link rel=\"canonical\" href=\"https:\/\/smatra-apac.com\/index.php\/business-matching\/\" \/>\n<meta property=\"og:locale\" content=\"en_US\" \/>\n<meta property=\"og:type\" content=\"article\" \/>\n<meta property=\"og:title\" content=\"Gesch\u00e4ftsvermittlung - SMATRA APAC Group\" \/>\n<meta property=\"og:description\" content=\"[vc_row nav_skin=&#8221;light&#8221; consent_include=&#8221;include&#8221;][vc_column css_animation=&#8221;&#8221;][vc_empty_space height=&#8221;80px&#8221;][vc_text_element typography=&#8221;{&#8220;font_family&#8220;:&#8220;1596475616913142&#8220;,&#8220;variants&#8220;:&#8220;500&#8220;,&#8220;subsets&#8220;:&#8220;devanagari&#8220;,&#8220;font_size&#8220;:&#8220;13px&#8220;}&#8221; css_animation=&#8221;&#8221;] NETZWERKEN MIT ASIEN-PAZIFIK-REGION [\/vc_text_element][vc_empty_space height=&#8221;10px&#8221;][vc_heading heading_text=&#8221;Erfolgreiche Vernetzung f\u00fcr internationale Unternehmen in der APAC-Region&#8221; heading_wrapper=&#8221;h3&#8243; heading_color=&#8221;{&#8220;solid&#8220;:{&#8220;id&#8220;:&#8220;custom_color&#8220;,&#8220;color&#8220;:&#8220;rgba(0,32,96,1)&#8220;}}&#8221; heading_typography=&#8221;{&#8220;font_family&#8220;:&#8220;1596475607973655&#8220;,&#8220;variants&#8220;:&#8220;400&#8220;,&#8220;subsets&#8220;:&#8220;latin-ext&#8220;,&#8220;font_size&#8220;:&#8220;35px&#8220;,&#8220;line_height&#8220;:&#8220;1.2em&#8220;,&#8220;letter_spacing&#8220;:&#8220;-0.03em&#8220;}&#8221; css_animation=&#8221;&#8221;][vc_column_text]Der Business-Matching-Service der SMATRA Group ist ein umfassendes Instrument f\u00fcr Kunden, die potenzielle Gesch\u00e4ftspartner, Kunden, Lieferanten, Investoren und Anbieter suchen. Es geht darum, Gesch\u00e4ftsm\u00f6glichkeiten zu schaffen und Ihr Unternehmen zu optimieren. Aufbauen von Verbindungen zu: Kunden Lieferanten Distributoren Investoren Basierend auf einem Datenbanksystem identifizieren, analysieren und matchen wir Ihr Unternehmen mit einem&hellip; Continue Reading Gesch\u00e4ftsvermittlung\" \/>\n<meta property=\"og:url\" content=\"https:\/\/smatra-apac.com\/index.php\/business-matching\/?lang=de\" \/>\n<meta property=\"og:site_name\" content=\"SMATRA APAC Group\" \/>\n<meta property=\"article:modified_time\" content=\"2023-05-29T02:51:12+00:00\" \/>\n<meta property=\"og:image\" content=\"https:\/\/smatra-apac.com\/wp-content\/uploads\/2020\/07\/koran_pattern.jpeg\" \/>\n\t<meta property=\"og:image:width\" content=\"2000\" \/>\n\t<meta property=\"og:image:height\" content=\"1334\" \/>\n\t<meta property=\"og:image:type\" content=\"image\/jpeg\" \/>\n<meta name=\"twitter:card\" content=\"summary_large_image\" \/>\n<meta name=\"twitter:site\" content=\"@SMATRA_APAC\" \/>\n<meta name=\"twitter:label1\" content=\"Est. reading time\" \/>\n\t<meta name=\"twitter:data1\" content=\"3 minutes\" \/>\n<script type=\"application\/ld+json\" class=\"yoast-schema-graph\">{\"@context\":\"https:\\\/\\\/schema.org\",\"@graph\":[{\"@type\":\"WebPage\",\"@id\":\"https:\\\/\\\/smatra-apac.com\\\/index.php\\\/business-matching\\\/?lang=de\",\"url\":\"https:\\\/\\\/smatra-apac.com\\\/index.php\\\/business-matching\\\/?lang=de\",\"name\":\"Gesch\u00e4ftsvermittlung - SMATRA APAC Group\",\"isPartOf\":{\"@id\":\"https:\\\/\\\/smatra-apac.com\\\/#website\"},\"primaryImageOfPage\":{\"@id\":\"https:\\\/\\\/smatra-apac.com\\\/index.php\\\/business-matching\\\/?lang=de#primaryimage\"},\"image\":{\"@id\":\"https:\\\/\\\/smatra-apac.com\\\/index.php\\\/business-matching\\\/?lang=de#primaryimage\"},\"thumbnailUrl\":\"https:\\\/\\\/smatra-apac.com\\\/wp-content\\\/uploads\\\/2020\\\/07\\\/koran_pattern.jpeg\",\"datePublished\":\"2020-08-16T08:48:43+00:00\",\"dateModified\":\"2023-05-29T02:51:12+00:00\",\"breadcrumb\":{\"@id\":\"https:\\\/\\\/smatra-apac.com\\\/index.php\\\/business-matching\\\/?lang=de#breadcrumb\"},\"inLanguage\":\"en-US\",\"potentialAction\":[{\"@type\":\"ReadAction\",\"target\":[\"https:\\\/\\\/smatra-apac.com\\\/index.php\\\/business-matching\\\/?lang=de\"]}]},{\"@type\":\"ImageObject\",\"inLanguage\":\"en-US\",\"@id\":\"https:\\\/\\\/smatra-apac.com\\\/index.php\\\/business-matching\\\/?lang=de#primaryimage\",\"url\":\"https:\\\/\\\/smatra-apac.com\\\/wp-content\\\/uploads\\\/2020\\\/07\\\/koran_pattern.jpeg\",\"contentUrl\":\"https:\\\/\\\/smatra-apac.com\\\/wp-content\\\/uploads\\\/2020\\\/07\\\/koran_pattern.jpeg\",\"width\":2000,\"height\":1334},{\"@type\":\"BreadcrumbList\",\"@id\":\"https:\\\/\\\/smatra-apac.com\\\/index.php\\\/business-matching\\\/?lang=de#breadcrumb\",\"itemListElement\":[{\"@type\":\"ListItem\",\"position\":1,\"name\":\"Home\",\"item\":\"https:\\\/\\\/smatra-apac.com\\\/\"},{\"@type\":\"ListItem\",\"position\":2,\"name\":\"Gesch\u00e4ftsvermittlung\"}]},{\"@type\":\"WebSite\",\"@id\":\"https:\\\/\\\/smatra-apac.com\\\/#website\",\"url\":\"https:\\\/\\\/smatra-apac.com\\\/\",\"name\":\"SMATRA APAC Group\",\"description\":\"Your Strategic Link to Asia-Pacific\",\"publisher\":{\"@id\":\"https:\\\/\\\/smatra-apac.com\\\/#organization\"},\"potentialAction\":[{\"@type\":\"SearchAction\",\"target\":{\"@type\":\"EntryPoint\",\"urlTemplate\":\"https:\\\/\\\/smatra-apac.com\\\/?s={search_term_string}\"},\"query-input\":{\"@type\":\"PropertyValueSpecification\",\"valueRequired\":true,\"valueName\":\"search_term_string\"}}],\"inLanguage\":\"en-US\"},{\"@type\":\"Organization\",\"@id\":\"https:\\\/\\\/smatra-apac.com\\\/#organization\",\"name\":\"SMATRA APAC Group\",\"url\":\"https:\\\/\\\/smatra-apac.com\\\/\",\"logo\":{\"@type\":\"ImageObject\",\"inLanguage\":\"en-US\",\"@id\":\"https:\\\/\\\/smatra-apac.com\\\/#\\\/schema\\\/logo\\\/image\\\/\",\"url\":\"https:\\\/\\\/smatra-apac.com\\\/wp-content\\\/uploads\\\/2018\\\/03\\\/logo_footer_small_120.png\",\"contentUrl\":\"https:\\\/\\\/smatra-apac.com\\\/wp-content\\\/uploads\\\/2018\\\/03\\\/logo_footer_small_120.png\",\"width\":211,\"height\":188,\"caption\":\"SMATRA APAC Group\"},\"image\":{\"@id\":\"https:\\\/\\\/smatra-apac.com\\\/#\\\/schema\\\/logo\\\/image\\\/\"},\"sameAs\":[\"https:\\\/\\\/x.com\\\/SMATRA_APAC\"]}]}<\/script>\n<!-- \/ Yoast SEO plugin. -->","yoast_head_json":{"title":"Gesch\u00e4ftsvermittlung - SMATRA APAC Group","robots":{"index":"index","follow":"follow","max-snippet":"max-snippet:-1","max-image-preview":"max-image-preview:large","max-video-preview":"max-video-preview:-1"},"canonical":"https:\/\/smatra-apac.com\/index.php\/business-matching\/","og_locale":"en_US","og_type":"article","og_title":"Gesch\u00e4ftsvermittlung - SMATRA APAC Group","og_description":"[vc_row nav_skin=&#8221;light&#8221; consent_include=&#8221;include&#8221;][vc_column css_animation=&#8221;&#8221;][vc_empty_space height=&#8221;80px&#8221;][vc_text_element typography=&#8221;{&#8220;font_family&#8220;:&#8220;1596475616913142&#8220;,&#8220;variants&#8220;:&#8220;500&#8220;,&#8220;subsets&#8220;:&#8220;devanagari&#8220;,&#8220;font_size&#8220;:&#8220;13px&#8220;}&#8221; css_animation=&#8221;&#8221;] NETZWERKEN MIT ASIEN-PAZIFIK-REGION [\/vc_text_element][vc_empty_space height=&#8221;10px&#8221;][vc_heading heading_text=&#8221;Erfolgreiche Vernetzung f\u00fcr internationale Unternehmen in der APAC-Region&#8221; heading_wrapper=&#8221;h3&#8243; heading_color=&#8221;{&#8220;solid&#8220;:{&#8220;id&#8220;:&#8220;custom_color&#8220;,&#8220;color&#8220;:&#8220;rgba(0,32,96,1)&#8220;}}&#8221; heading_typography=&#8221;{&#8220;font_family&#8220;:&#8220;1596475607973655&#8220;,&#8220;variants&#8220;:&#8220;400&#8220;,&#8220;subsets&#8220;:&#8220;latin-ext&#8220;,&#8220;font_size&#8220;:&#8220;35px&#8220;,&#8220;line_height&#8220;:&#8220;1.2em&#8220;,&#8220;letter_spacing&#8220;:&#8220;-0.03em&#8220;}&#8221; css_animation=&#8221;&#8221;][vc_column_text]Der Business-Matching-Service der SMATRA Group ist ein umfassendes Instrument f\u00fcr Kunden, die potenzielle Gesch\u00e4ftspartner, Kunden, Lieferanten, Investoren und Anbieter suchen. Es geht darum, Gesch\u00e4ftsm\u00f6glichkeiten zu schaffen und Ihr Unternehmen zu optimieren. Aufbauen von Verbindungen zu: Kunden Lieferanten Distributoren Investoren Basierend auf einem Datenbanksystem identifizieren, analysieren und matchen wir Ihr Unternehmen mit einem&hellip; Continue Reading Gesch\u00e4ftsvermittlung","og_url":"https:\/\/smatra-apac.com\/index.php\/business-matching\/?lang=de","og_site_name":"SMATRA APAC Group","article_modified_time":"2023-05-29T02:51:12+00:00","og_image":[{"width":2000,"height":1334,"url":"https:\/\/smatra-apac.com\/wp-content\/uploads\/2020\/07\/koran_pattern.jpeg","type":"image\/jpeg"}],"twitter_card":"summary_large_image","twitter_site":"@SMATRA_APAC","twitter_misc":{"Est. reading time":"3 minutes"},"schema":{"@context":"https:\/\/schema.org","@graph":[{"@type":"WebPage","@id":"https:\/\/smatra-apac.com\/index.php\/business-matching\/?lang=de","url":"https:\/\/smatra-apac.com\/index.php\/business-matching\/?lang=de","name":"Gesch\u00e4ftsvermittlung - SMATRA APAC Group","isPartOf":{"@id":"https:\/\/smatra-apac.com\/#website"},"primaryImageOfPage":{"@id":"https:\/\/smatra-apac.com\/index.php\/business-matching\/?lang=de#primaryimage"},"image":{"@id":"https:\/\/smatra-apac.com\/index.php\/business-matching\/?lang=de#primaryimage"},"thumbnailUrl":"https:\/\/smatra-apac.com\/wp-content\/uploads\/2020\/07\/koran_pattern.jpeg","datePublished":"2020-08-16T08:48:43+00:00","dateModified":"2023-05-29T02:51:12+00:00","breadcrumb":{"@id":"https:\/\/smatra-apac.com\/index.php\/business-matching\/?lang=de#breadcrumb"},"inLanguage":"en-US","potentialAction":[{"@type":"ReadAction","target":["https:\/\/smatra-apac.com\/index.php\/business-matching\/?lang=de"]}]},{"@type":"ImageObject","inLanguage":"en-US","@id":"https:\/\/smatra-apac.com\/index.php\/business-matching\/?lang=de#primaryimage","url":"https:\/\/smatra-apac.com\/wp-content\/uploads\/2020\/07\/koran_pattern.jpeg","contentUrl":"https:\/\/smatra-apac.com\/wp-content\/uploads\/2020\/07\/koran_pattern.jpeg","width":2000,"height":1334},{"@type":"BreadcrumbList","@id":"https:\/\/smatra-apac.com\/index.php\/business-matching\/?lang=de#breadcrumb","itemListElement":[{"@type":"ListItem","position":1,"name":"Home","item":"https:\/\/smatra-apac.com\/"},{"@type":"ListItem","position":2,"name":"Gesch\u00e4ftsvermittlung"}]},{"@type":"WebSite","@id":"https:\/\/smatra-apac.com\/#website","url":"https:\/\/smatra-apac.com\/","name":"SMATRA APAC Group","description":"Your Strategic Link to Asia-Pacific","publisher":{"@id":"https:\/\/smatra-apac.com\/#organization"},"potentialAction":[{"@type":"SearchAction","target":{"@type":"EntryPoint","urlTemplate":"https:\/\/smatra-apac.com\/?s={search_term_string}"},"query-input":{"@type":"PropertyValueSpecification","valueRequired":true,"valueName":"search_term_string"}}],"inLanguage":"en-US"},{"@type":"Organization","@id":"https:\/\/smatra-apac.com\/#organization","name":"SMATRA APAC Group","url":"https:\/\/smatra-apac.com\/","logo":{"@type":"ImageObject","inLanguage":"en-US","@id":"https:\/\/smatra-apac.com\/#\/schema\/logo\/image\/","url":"https:\/\/smatra-apac.com\/wp-content\/uploads\/2018\/03\/logo_footer_small_120.png","contentUrl":"https:\/\/smatra-apac.com\/wp-content\/uploads\/2018\/03\/logo_footer_small_120.png","width":211,"height":188,"caption":"SMATRA APAC Group"},"image":{"@id":"https:\/\/smatra-apac.com\/#\/schema\/logo\/image\/"},"sameAs":["https:\/\/x.com\/SMATRA_APAC"]}]}},"jetpack_sharing_enabled":true,"_links":{"self":[{"href":"https:\/\/smatra-apac.com\/index.php\/wp-json\/wp\/v2\/pages\/2002","targetHints":{"allow":["GET"]}}],"collection":[{"href":"https:\/\/smatra-apac.com\/index.php\/wp-json\/wp\/v2\/pages"}],"about":[{"href":"https:\/\/smatra-apac.com\/index.php\/wp-json\/wp\/v2\/types\/page"}],"author":[{"embeddable":true,"href":"https:\/\/smatra-apac.com\/index.php\/wp-json\/wp\/v2\/users\/2"}],"replies":[{"embeddable":true,"href":"https:\/\/smatra-apac.com\/index.php\/wp-json\/wp\/v2\/comments?post=2002"}],"version-history":[{"count":3,"href":"https:\/\/smatra-apac.com\/index.php\/wp-json\/wp\/v2\/pages\/2002\/revisions"}],"predecessor-version":[{"id":2007,"href":"https:\/\/smatra-apac.com\/index.php\/wp-json\/wp\/v2\/pages\/2002\/revisions\/2007"}],"wp:featuredmedia":[{"embeddable":true,"href":"https:\/\/smatra-apac.com\/index.php\/wp-json\/wp\/v2\/media\/2003"}],"wp:attachment":[{"href":"https:\/\/smatra-apac.com\/index.php\/wp-json\/wp\/v2\/media?parent=2002"}],"curies":[{"name":"wp","href":"https:\/\/api.w.org\/{rel}","templated":true}]}}